*l = 3. Determine c(f).
3
Let s(x) = -2 - x + 3*x + 4. Calculate s(2).
6
Let s(i) = 13*i**2 - i - 4. Let q(p) = -p**2 + 1. Let m(u) = 3*q(u) + s(u). What is m(-1)?
10
Let u(x) = -12*x + x**2 + 2*x**2 + 6*x + 5*x. Give u(-1).
4
Let v(s) = s + 2. Let f = -8 + 4. Let i be v(f). Let l be 1/i - (-9)/(-2). Let y(q) = -q**3 - 6*q**2 - 5*q + 6. Determine y(l).
6
Let h(r) = 4*r. Let m(n) = 4*n + 1. Let o(g) = g**2 - 9*g - 3. Let d be o(9). Let y(j) = d*m(j) + 2*h(j). Give y(-2).
5
Let s be 2/(-5) - 67/(-5). Suppose s = 5*q - 2. Let z(b) = b**2 - b - 2. What is z(q)?
4
Let p(k) be the first derivative of k**4/4 + 4*k**3/3 + 5*k**2/2 + 2*k + 4. Let y be (-5)/2 - (-4)/(-8). Determine p(y).
-4
Let t(x) be the first derivative of 1/2*x**2 + 4 + 8*x. Calculate t(-4).
4
Let z(s) = s**3 + 3*s**2 - 6*s - 3. Let w be z(-4). Let y(d) be the third derivative of -1/60*d**w + 0*d + 1/4*d**4 - 4*d**2 + 0 + 5/6*d**3. Give y(6).
5
Let n(x) = 2*x - 2. Let o = -35 - -2. Let s = -69 - o. Let z be (2/(-6))/((-6)/s). Determine n(z).
-6
Let z(v) = 5*v**3 - 5*v**2 - 9*v + 8. Let a(g) = -14*g**3 + 14*g**2 + 26*g - 23. Let c(l) = -4*a(l) - 11*z(l). Determine c(3).
7
Let m(o) be the third derivative of -o**7/5040 - 7*o**6/720 + 7*o**5/60 + 7*o**2. Let i(y) be the third derivative of m(y). Give i(-6).
-1
Let g(i) = i**2. Suppose -5 - 4 = 2*w - 5*l, 0 = -2*w - 2*l + 12. What is g(w)?
9
Suppose -2*l = l - 12. Let f(h) = -3*h + h**2 + 1 + 10 + l*h + 0*h. What is f(0)?
11
Let r(p) = -2*p + 3*p + 0*p - 7 - 2. Let t be -2 + 6*(-4)/(-12). What is r(t)?
-9
Let u(h) be the second derivative of -h**5/20 + h**4/3 + h**3/6 + h**2/2 + 15*h. What is u(4)?
5
Let j(p) be the first derivative of 5/2*p**2 - 3 + p. Determine j(-1).
-4
Let p = 21 - 2. Suppose -i + 5*n = 2*i + p, 5 = -5*i + 3*n. Let l(u) = 4*u - 2. Let j(z) = 4*z - 3. Let q(g) = 3*j(g) - 4*l(g). Determine q(i).
-9
Let i be ((-10)/2)/(-8 - -7). Let x(a) = -a + 3. Calculate x(i).
-2
Let i(y) = 4*y**2 - y + 4. Let c(m) = 3*m**2 + 4. Let s(p) = -5*c(p) + 4*i(p). Calculate s(5).
1
Let r(v) = v**3 + 6*v**2 + 4*v. Let u = -12 - -4. Let f(w) = w**3 + 8*w**2 - 5. Let g be f(u). Calculate r(g).
5
Let x = 7 + -6. Let a(n) = 13*n - 1. What is a(x)?
12
Let a = 6 + -2. Let m(h) = h**3 + 16*h**2 - 18*h - 15. Let t be m(-17). Suppose 2*n = 3*y + t + a, -7 = n + y. Let j(z) = -z**3 - 4*z**2 - 3*z - 1. Give j(n).
-1
Let y(d) = d - 5. Let m(r) = -2*r + 4. Let z(f) = 6*m(f) + 5*y(f). Let x(l) = l**3 + 3*l**2 + l - 1. Let s be x(-2). What is z(s)?
-8
Suppose 2*o - 2*m = -6, -2*o + 2*m - 13 = -7*o. Let j be (-56)/(-12) + o/3. Let n(g) = g - 3. Determine n(j).
2
Let x(z) = -z**2 + 3 - 2*z**2 + 4*z**3 + 7*z - 3*z**3 - 6*z**2. Determine x(8).
-5
Let z be ((-20)/28 + 1)*7. Let a(v) = -2*v - z - 4 + 7 + 9*v**2. What is a(1)?
8
Let y(g) be the third derivative of 2*g**5/15 + g**4/24 + 10*g**2. Determine y(-1).
7
Let v(y) = 0 - 3 - 6*y**3 + 2*y**2 - 4*y + 2*y**3 + 5*y**3. What is v(-2)?
5
Let g(m) = -8*m**3 + 4*m**2 - 6*m + 1. Let o(z) = -8*z**3 + 5*z**2 - 7*z + 1. Let s(q) = 5*g(q) - 4*o(q). Calculate s(1).
-9
Let r(g) = -g + 5. Let t(f) = -2. Let n(z) = -3*r(z) - 7*t(z). Suppose 3*u - 13 + 10 = 0. What is n(u)?
2
Let h(a) be the third derivative of -a**4/6 - a**3/3 + 483*a**2. Let i(x) = 2*x - 5. Let b be i(4). Calculate h(b).
-14
Let u(i) = -4*i - 1. Suppose 2*c - 7 = c. Suppose 5*v - c = -17. Determine u(v).
7
Let a = 33 + -21. Suppose 0*w - 2*w = -m - 9, -m = -3*w + a. Let b(j) = j**3 + 2*j**2 - 5*j - 4. Calculate b(m).
2
Let t(j) = 24*j - 2 + j**2 + 2 - 28*j. Let d = 10 + -7. Calculate t(d).
-3
Suppose 0 = -4*t - 12, -4*t - 10 = -5*p + 17. Let g = -6 + p. Let l(x) = 3*x + 2. Let i(o) = 2*o + 1. Let c(q) = -5*i(q) + 3*l(q). What is c(g)?
4
Let q(n) = -3*n**3 + 2*n**2 - 3. Let u(a) be the second derivative of a**5/2 - a**4/2 + a**3/6 + 5*a**2 + 4*a. Let x(r) = 7*q(r) + 2*u(r). Calculate x(3).
-4
Let o(z) = -z**3 - 13 + 15 - 3*z - z**2 + 8*z. What is o(-3)?
5
Suppose -5*j = -3*x + 5, -9 = -2*j + 2*x - 3*x. Let z(g) be the third derivative of g**6/120 - g**5/20 + g**3/3 + g**2. What is z(j)?
-2
Let o(u) be the first derivative of u**4/4 - 5*u**3/3 - 3*u**2/2 + 6*u - 10. Let q(r) = -r**3 + 3*r**2 - 2. Let n be q(3). Let b be 4 - 2/(1*n). What is o(b)?
-9
Let m(k) = 0 - 3*k - 3 + 6*k**2 + 0*k + 0*k. Let q(j) = -13*j**2 + 6*j + 7. Let s(z) = -9*m(z) - 4*q(z). Calculate s(2).
-3
Let n(s) = 2 + s**3 - 2*s**2 + 0 + 0 - 5*s. Calculate n(3).
-4
Let g = 109 - 108. Let q(j) = 6*j**3 + j**2 - j. Calculate q(g).
6
Let u be 5/(0 - (3 - 2)). Let b(v) = 3*v**2 + 3*v**2 + 4 - 5*v - 3*v**2 - 4*v**2. Determine b(u).
4
Suppose 2*n + n = 15. Suppose 0 = -g + 4*i + 3, n*g = -2*i - 7. Let o be (1*-2 + 1)/g. Let r(d) = 8*d**2 - d. What is r(o)?
7
Let p = -1 + -1. Let c = p + 4. Let b(r) = 3*r + 3 - 4 + 0*r - 2*r. Calculate b(c).
1
Let b be (-3 - -9)*(-4)/(-6). Let c(j) = 2*j - 4. Calculate c(b).
4
Let g(u) = -u**3 + 4*u**2 + 2. Let b be 27/3 + 3/(-1). Let i = b + -2. Calculate g(i).
2
Suppose 6*c - 2*c = -16. Let s(o) = o**2 + 4*o - 3. Determine s(c).
-3
Let c(s) = 9*s**2 + 2*s + 3. Let m(g) = 1 - 6*g**2 + g + 11*g**2 + 1. Let h(l) = -4*c(l) + 7*m(l). What is h(-3)?
-4
Let o be 5/10*(3 + 3). Let q(p) = p**2 + p - 3. What is q(o)?
9
Let q(i) be the third derivative of i**7/5040 + i**6/720 + i**5/30 - i**2. Let u(z) be the third derivative of q(z). Let o = 4 + 1. Determine u(o).
6
Let h(b) = 0*b - 16 + 22 - 15 + b. Suppose -4*f + 0*f = -20. Calculate h(f).
-4
Let o(z) = z**2 + z - 4. Let r(k) = k**3 - k. Let d(p) = o(p) + r(p). Calculate d(0).
-4
Let b(i) = -5*i + 9 - 3*i + 9*i. Give b(-4).
5
Let z(a) = 3*a + 20. Let n(w) = w + 7. Let v(x) = 8*n(x) - 3*z(x). Suppose 3*c + c - 8 = 0. Suppose c*g - 3 = 3. What is v(g)?
-7
Let v(y) = 17*y + 3. Let a(b) = -34*b - 5. Let c(h) = -3*a(h) - 5*v(h). Determine c(-1).
-17
Let p(h) be the third derivative of -h**4/12 - h**3/3 - 8*h**2. Determine p(3).
-8
Let j(d) = 2*d**2 + 12*d - 8. Let f be j(-6). Let s(h) = -h**2 - 8*h + 2. Determine s(f).
2
Let d(p) be the first derivative of -p**2/2 - 9*p - 3. Let w be d(-9). Let a(z) = -z**3 - z**2 + 3. Calculate a(w).
3
Suppose -2*v + 9 = 1. Suppose 2*a = -0*a + v. Let r be (-8)/(-2)*a/4. Let l(w) = -w**3 + 2*w**2 - w - 2. Give l(r).
-4
Let t(r) = r**2 + 8*r + 10. Suppose 0*d - 2*x - 35 = 5*d, 0 = 3*x. Calculate t(d).
3
Let z be 1*-2 + 1 + 2. Suppose x - 6 = -x. Let t(v) = 76*v + 2*v**x - 76*v + v**2 - 1. What is t(z)?
2
Let z(w) = -2*w + 3*w**2 + 2*w + 9 + 7*w - 4*w**2. Determine z(8).
1
Let z = 0 - 0. Let p(b) = -b - 6. Let o be p(z). Let u(l) = l**2 - 12*l + 30*l + 7 - 10*l. Determine u(o).
-5
Suppose 0 = -2*j - 2*j - 8. Let h(c) = -c - 1. What is h(j)?
1
Suppose 5 = -f + 2. Let g(k) = -k - 1. Give g(f).
2
Let n = -7 + 1. Let j(t) be the second derivative of -t**5/20 - 5*t**4/12 + 2*t**3/3 - 4*t**2 - 2*t. Calculate j(n).
4
Let s(o) = o**2 + 8*o + 6. Let b(m) = -4*m - 4*m**3 + 3*m - 2*m + m + 1. Let a be b(1). Calculate s(a).
-9
Let s be -6*(-2)/3*-5. Suppose 4*o + 13 = 9. Let i be (-8)/s*(-6 - o). Let l(b) = -b**3 - 3*b**2 - b - 1. Calculate l(i).
-3
Let s(f) be the third derivative of -f**6/120 + f**5/10 - f**4/8 - f**3/2 + 19*f**2. Determine s(3).
15
Let i be (-13 + 1)*(-2)/(-4). Let q be (-91)/21 + (-2)/i. Let s(x) = -x**2 - 7*x - 6. What is s(q)?
6
Let k(y) = 2 + 0 - 6*y**2 + 5*y + 7*y**2 - y. Let c be -7 - (0 - (-6)/(-3)). Determine k(c).
7
Let y(u) be the first derivative of -u**6/120 - u**5/60 - u**4/24 + u**3/3 + u**2 + 3. Let o(c) be the second derivative of y(c). What is o(2)?
-12
Let v(f) = -20*f**3 + 11*f**2 + 26*f - 12. Let x(z) = -7*z**3 + 4*z**2 + 9*z - 4. Let p(k) = 6*v(k) - 17*x(k). What is p(-3)?
-4
Let q(x) = -x**3 - x**2 - x + 3. Let j be q(0). Let l(p) = -3 + 1 - p**2 + 3 - j*p. Calculate l(2).
-9
Let q(h) be the second derivative of -5*h**4/12 - 7*h**3/6 + 9*h**2/2 - 7*h. Let j(k) = k**2 + k - 1. Let t(w) = -4*j(w) - q(w). Determine t(-5).
5
Let a(j) = -j**2 + 8*j + 8. Let u(l) = -l. Let s(t) = -a(t) - 4*u(t). Give s(6).
4
Let s be (-3)/(2*(-2)/(-28)). Let j be s/(-3) + (-4)/2. Let z(m) = -j - 9*m + 5. What is z(1)?
-9
Let s(f) be the first derivative of -f**4/4 + 13*f - 7. What is s(0)?
13
Let w(s) = s**2 + s + 1. Let o(r) = 2*r**2 + r + 1. Let k(i) = i**2 + i + 1. Let g(a) =